{"id":5391,"date":"2023-09-25T19:12:41","date_gmt":"2023-09-25T19:12:41","guid":{"rendered":"https:\/\/chococreativeworks.com\/index.php\/product\/post-para-red-social\/"},"modified":"2023-09-25T23:19:42","modified_gmt":"2023-09-25T23:19:42","slug":"post-para-red-social","status":"publish","type":"product","link":"https:\/\/chococreativeworks.com\/index.php\/product\/post-para-red-social\/","title":{"rendered":"Post para red social"},"content":{"rendered":"<p>Nuestro servicio de &#8220;dise\u00f1o de post para redes sociales&#8221; es la herramienta perfecta para iniciar tu estrategia en l\u00ednea. Con estrategias y dise\u00f1o personalizado, tus anuncios en las redes sociales son imanes para clientes. En tan solo 24 horas,tienes un dise\u00f1o \u00fanico que incluye TEXTO PERSUASIVO, IM\u00c1GENES IMPACTANTES Y ENLACES DIRECTOS a tu sitio web. Est\u00e1s a un click de hacier que tu marca se destaque y atraiga a un p\u00fablico m\u00e1s amplio. \u00a1El \u00e9xito en redes sociales est\u00e1 a la vuelta de la esquina!<\/p>\n","protected":false},"excerpt":{"rendered":"<p>Con nuestro servicio de &#8216;dise\u00f1o de post para redes sociales&#8217; en 24 horas, tu negocio atraer\u00e1 mas clientes desde la red con anuncios personalizados hechos con\u00a0 texto impactante, im\u00e1genes cautivadoras y enlaces directos a tu sitio web.<\/p>\n","protected":false},"featured_media":4586,"comment_status":"open","ping_status":"closed","template":"","meta":{"_monsterinsights_skip_tracking":false,"_monsterinsights_sitenote_active":false,"_monsterinsights_sitenote_note":"","_monsterinsights_sitenote_category":0,"site-sidebar-layout":"default","site-content-layout":"","ast-site-content-layout":"default","site-content-style":"default","site-sidebar-style":"default","ast-global-header-display":"","ast-banner-title-visibility":"","ast-main-header-display":"","ast-hfb-above-header-display":"","ast-hfb-below-header-display":"","ast-hfb-mobile-header-display":"","site-post-title":"","ast-breadcrumbs-content":"","ast-featured-img":"","footer-sml-layout":"","theme-transparent-header-meta":"default","adv-header-id-meta":"","stick-header-meta":"","header-above-stick-meta":"","header-main-stick-meta":"","header-below-stick-meta":"","astra-migrate-meta-layouts":"set","ast-page-background-enabled":"default","ast-page-background-meta":{"desktop":{"background-color":"","background-image":"","background-repeat":"repeat","background-position":"center center","background-size":"auto","background-attachment":"scroll","background-type":"","background-media":"","overlay-type":"","overlay-color":"","overlay-gradient":""},"tablet":{"background-color":"","background-image":"","background-repeat":"repeat","background-position":"center center","background-size":"auto","background-attachment":"scroll","background-type":"","background-media":"","overlay-type":"","overlay-color":"","overlay-gradient":""},"mobile":{"background-color":"","background-image":"","background-repeat":"repeat","background-position":"center center","background-size":"auto","background-attachment":"scroll","background-type":"","background-media":"","overlay-type":"","overlay-color":"","overlay-gradient":""}},"ast-content-background-meta":{"desktop":{"background-color":"var(--ast-global-color-5)","background-image":"","background-repeat":"repeat","background-position":"center center","background-size":"auto","background-attachment":"scroll","background-type":"","background-media":"","overlay-type":"","overlay-color":"","overlay-gradient":""},"tablet":{"background-color":"var(--ast-global-color-5)","background-image":"","background-repeat":"repeat","background-position":"center center","background-size":"auto","background-attachment":"scroll","background-type":"","background-media":"","overlay-type":"","overlay-color":"","overlay-gradient":""},"mobile":{"background-color":"var(--ast-global-color-5)","background-image":"","background-repeat":"repeat","background-position":"center center","background-size":"auto","background-attachment":"scroll","background-type":"","background-media":"","overlay-type":"","overlay-color":"","overlay-gradient":""}}},"product_cat":[18,69],"product_tag":[97,98,99],"class_list":{"0":"post-5391","1":"product","2":"type-product","3":"status-publish","4":"has-post-thumbnail","6":"product_cat-general","7":"product_cat-on-line","8":"product_tag-diseno","9":"product_tag-redes-sociales","10":"product_tag-servicio-express","11":"desktop-align-left","12":"tablet-align-left","13":"mobile-align-left","15":"first","16":"instock","17":"featured","18":"virtual","19":"taxable","20":"purchasable","21":"product-type-simple"},"aioseo_notices":[],"jetpack_sharing_enabled":true,"_links":{"self":[{"href":"https:\/\/chococreativeworks.com\/index.php\/wp-json\/wp\/v2\/product\/5391"}],"collection":[{"href":"https:\/\/chococreativeworks.com\/index.php\/wp-json\/wp\/v2\/product"}],"about":[{"href":"https:\/\/chococreativeworks.com\/index.php\/wp-json\/wp\/v2\/types\/product"}],"replies":[{"embeddable":true,"href":"https:\/\/chococreativeworks.com\/index.php\/wp-json\/wp\/v2\/comments?post=5391"}],"version-history":[{"count":4,"href":"https:\/\/chococreativeworks.com\/index.php\/wp-json\/wp\/v2\/product\/5391\/revisions"}],"predecessor-version":[{"id":5440,"href":"https:\/\/chococreativeworks.com\/index.php\/wp-json\/wp\/v2\/product\/5391\/revisions\/5440"}],"wp:featuredmedia":[{"embeddable":true,"href":"https:\/\/chococreativeworks.com\/index.php\/wp-json\/wp\/v2\/media\/4586"}],"wp:attachment":[{"href":"https:\/\/chococreativeworks.com\/index.php\/wp-json\/wp\/v2\/media?parent=5391"}],"wp:term":[{"taxonomy":"product_cat","embeddable":true,"href":"https:\/\/chococreativeworks.com\/index.php\/wp-json\/wp\/v2\/product_cat?post=5391"},{"taxonomy":"product_tag","embeddable":true,"href":"https:\/\/chococreativeworks.com\/index.php\/wp-json\/wp\/v2\/product_tag?post=5391"}],"curies":[{"name":"wp","href":"https:\/\/api.w.org\/{rel}","templated":true}]}}